 + (56 - 54) + 62 - (-1 - 11).
-17
-61 - (19 - -30 - 68)
-42
What is -102 - (69 + -92 + -72)?
-7
Calculate 9 + (-25 - (-52 + 30)) - (-3 - 37).
46
What is the value of (6 - -7 - (35 + -20)) + (34 - -44)?
76
What is (-25 - 51 - -58) + -33?
-51
Calculate 86 - (62 - (-56 + 76)).
44
Calculate 2 + 12 + -7 + 4 - (559 - 547).
-1
6 + 0 + 1 + (-338 - -304) - (27 - 33)
-21
38 - 5 - (1401 - 1311)
-57
Evaluate (-59 - -54) + (-5 - -12 - 7 - 79).
-84
What is 25 + 21 + -4 + -27 + -68?
-53
What is 17 - -7 - -14 - 3?
35
What is -49 + 28 + (28 - -7) - 40?
-26
Evaluate (42 - (17 + -7)) + 13 + -8 + -3.
34
What is the value of -1 + (2 - 1) + (-4617 - -4681)?
64
What is -14 - (6 + (-19 - -1) + 15)?
-17
28 - (20 - 25) - 35
-2
What is the value of -49 + 53 + (47 - 0) - (-49 - -36)?
64
What is the value of (-11 - -2 - (-7 + 0 - -16)) + (-14 - -5)?
-27
Evaluate -175 + (-109 - -149) - -157.
22
Evaluate -78 + 38 - -15 - -7.
-18
Calculate (-20 - (-58 - -16) - 29) + -8 - (-4 + -1).
-10
Calculate 37 - (37 + 23 + -80).
57
Evaluate -16 - -8 - 11 - (-33 - (-43 - -58)).
29
What is -43 + (-17 - (8 - 10 - 33))?
-25
Evaluate -16 + 23 + 49 + -23.
33
Calculate (16108 - 16172) + (0 + 2 - (5 - 4 - 2)).
-61
What is the value of 15 + 0 - (-19 + -7 + -5 - 5)?
51
What is -15 + 10 + (3 - 0) - 28?
-30
Evaluate 0 - (-2 + 0 + 4 + 12) - (4 + 0).
-18
Calculate 1 + (-1 - (5 + (-1 - (5 - -2)))) + 86.
89
Calculate 824 + -857 - (26 - 3 - 0).
-56
Calculate 2 - (2 + -21 + 9 - (120 + -8 - 8)).
116
What is -1 + -1 - (4 + -20 + (-8 - -1))?
21
Calculate -9 - (4 - 17 - (-7 - (-17 + 34))).
-20
Evaluate 3 + (-5 - -8) - ((-5 - 3) + -11 - -54).
-29
What is the value of 14 + 0 + (-43 - -11) + (-8 - -33)?
7
What is the value of (-88 + 11 - -30) + -7?
-54
Evaluate -8 + (9 - (9 + 0) - -3) + -11.
-16
(16 - 49 - -40) + 4 - 9
2
What is the value of 57 + 0 + (-2 - -11) + 8 - 12?
62
Calculate 10 + 121 + -28 + -33.
70
Evaluate 10 + 1 - (17 + (-24 - -15)) - (-1 - 12).
16
What is the value of (-79 - (2 + -16 + 12)) + 5?
-72
4 + 0 + 7 - (798 - 802)
15
What is the value of 3 + -31 + 10 + 4 - (1 - 12)?
-3
Evaluate -1 + -1 - (140 + -84 + (64 - 35)).
-87
Calculate 46 - ((106 - 243) + 128).
55
(-1 - (-3 + 3 - -2)) + -70 - (-6265 + 6267)
-75
Evaluate -78 + (52 - -92 - -7).
73
(1 - -17) + -3757 + 3738
-1
Calculate (-48 - 2) + -96 + (-123 - -206).
-63
Evaluate 1 + -5 + 2 - (34 - 8 - (107 - 81)).
-2
What is 31 - (2 - (0 - -6)) - (4 + 1)?
30
Evaluate 89 - -46 - 19 - 6.
110
-140 + 206 - (-3 - (-7 + 1))
63
What is the value of -20 - 1 - ((-19 - -13) + 16)?
-31
Evaluate (-293 - (-2 - 84)) + 105.
-102
What is (-21 - 16) + -25 - -57?
-5
Calculate 142 + -64 + -125 - -71.
24
Calculate (-8 + 7 + -4 - (71 + 30)) + 3.
-103
Calculate -9 - (48 + -3 - (10 - 9) - (228 - 231)).
-56
What is -7 - (1 + 92 + 46)?
-146
Calculate -9 - (25 - (-8 - (-33 + 34))).
-43
What is the value of -7 - (-8 - 2) - (-53 + (1 + -3 - -2))?
56
What is the value of (-16 - (24 + 35 - 11)) + 10?
-54
-27 - ((36 - 16 - 10) + -19)
-18
What is the value of (46 - -12) + -51 + -2 + 0 + 78?
83
Evaluate -12 - (-14 + 11 + 10 - -8).
-27
What is the value of 61 + 29 - 10 - 72?
8
What is (-240 - -263) + (3 - -43) + -1?
68
What is the value of (-20 - ((16 - -6) + -47)) + -2 + 4 + 41?
48
Calculate 18 + -4 - 24 - 38 - ((-2 - 3) + -6).
-37
What is 42 + (44 - 98) + 6?
-6
Calculate 1 + 12 + (-9 - -10 - 67) + -11.
-64
68 + -77 + -21 + (2 - 18)
-46
What is the value of (248 + -73 - 194) + -28 + 0?
-47
What is the value of 126 + -47 + -63 + (-14 - (0 + 3))?
-1
What is (-283 - -263) + (-15 - (-2 - -2))?
-35
Calculate (165 - (6 + -2)) + (-1893 - -1849).
117
Calculate -66 + 26 - (2 - 14 - -5).
-33
What is (-44 - -1) + (3 - 15 - -44)?
-11
Calculate 11 + (-41 - -10) + -1 + -2.
-23
What is -315 + 317 + 10 + 1 + -6?
7
What is the value of -96 - -3 - (-75 + (54 - 9))?
-63
What is 15 + -2 - (258 - 223)?
-22
What is 25 + -13 + (16 - (39 + -1))?
-10
What is the value of -56 + 69 + 47 + -150?
-90
Calculate (31 + 19 - 45) + -1 + -5 + 28.
27
Evaluate -28 + -18 + 64 + -1 - 9.
8
What is 2609 + -2654 - (-2 - 26)?
-17
Calculate -19 + (1 + -6 - -1) - ((10 - 31) + 20).
-22
Evaluate (-84 - (5 + -20)) + 6 + 14.
-49
(0 + 6 + 1 - 0 - (-14 + 15)) + -19
-13
Evaluate 1 + -2 - 19 - (-37 - (12 + -50)) - -8.
-13
Evaluate -21 - (-235 - -241 - (3 + 2 + 2)).
-20
What is the value of 90 + -108 + 9 + 0 + -25?
-34
What is the value of -24 + (-13 - -57) - 115?
-95
What is the value of (-1 - 3) + 0 + -12 + -61 + -31?
-108
Evaluate 10 + (-2 - 1 - (7 + -5 + 12 + -10)).
3
Calculate 91 + -16 + (10 - (-14 - -40)) + 1.
60
Calculate -4 - -1 - (-20 - -7) - 15 - 28.
-33
What is 267 + -177 + -16 + 42?
116
What is 14 + (17 - 7 - 47)?
-23
-51 + 9 + (-250 - -255)
-37
What is 154 + (-22 - -125) + -110?
147
-24 - -35 - (-51 - -52)
10
Evaluate (30 - ((3 - 1) + 17) - -13) + -6 + 2.
20
Calculate -8 + 29 - 61 - -86.
46
What is the value of (-7 - (-3 - -4 - (-56 - -42))) + 4?
-18
Evaluate 2 - 5 - (0 + (-11 - (5 + -17))).
-4
Evaluate 2 - ((-35 - -3) + 33 + -41).
42
What is the value of (69 - 13) + -22 + -44?
-10
Evaluate 9 - (9 + (-2 - (-13 + (15 - 13)))).
-9
Evaluate -289 - -86 - -67 - -79.
-57
Calculate -32 - (-107 + (237 - 67)).
-95
Calculate (104 - (29 - -11)) + (1 - 9) - 9.
47
12 + -9 + (-11 - -10 - 4) + -50
-52
What is 25 - (68 + -81 + (0 + 4 - -14))?
20
(3 + -7 - -21) + -60 + (-137 - -142)
-38
Evaluate -64 + 79 + (-9 - (2 + -36)).
40
What is the value of -7 + (3 - 1) + -33 + (82 - 35)?
9
What is (-3 - 11) + -1 + (-172 - -214)?
27
Evaluate 6 + -13 + 27 - 42.
-22
Evaluate 7 + (-2 - (-3 - -5)) + -58 + 47 - -145.
137
Calculate -3 + (7 - 22 - 30) + -6.
-54
Evaluate 19 - (-12 + (0 - (4 + -25 + 13 + -2))).
21
62 + (148 - 124) - 114
-28
Evaluate 52 - (48 + 29 - 79).
54
Calculate -11 - ((26 - 33) + -5 - 4).
5
What is the value of -24 + -14 + 0 - -5 - -92?
59
What is the value of -56 + -22 - (20 - (-3 - (-2 + -3)))?
-96
Evaluate 0 - (1 + -9 + 7 + 9 - 9).
1
68 - ((-7 - 2) + 19 + (-3 - -15 - 28))
74
What is -90 - (-75 - 119 - -52)?
52
Evaluate -46 + -31 + (-23 - -51) + 15 + -5.
-39
-14 + -26 + -10 + 29
-21
What is -46 + ((33 - -4) + (-17 - -26) + -22 - 11)?
-33
12 + (-29 - (-13 - 1 - -6))
-9
What is the value of -6 + -5 + (0 - 0) + (106 - 96)?
-1
Calculate -5 - (-153 - (37 + -14)) - 28.
143
(67 - 61) + (8 - 8) + 5
11
(-583 - -667 - ((7 - 1) + -2)) + -11
69
Evaluate 12 - (41 + (-22 - -1) + 31).
-39
Evaluate (15 - 3) + (-22 - -3) + 44 + 78.
115
What is the value of -10 + 15 - (-4 + -12)?
21
Calculate -43 + 19 - -58 - 8.
26
0 - (-7 - (-4 + (10 - 16) + 1) - 7)
5
Evaluate -39 + 126 + (14 - 62).
39
What is the value of -7 - (-6 + 4) - (1 + 29)?
-35
Calculate -3 - -3 - (31 + -48 + (27 - 11)).
1
Calculate -122 - (-25 + 35 + (-28 - (-13 + (10 - 7)))).
-114
58 + -21 - (16 + -2) - (18 - 7)
12
What is 104 + 205 + -391 + (-8 - -1)?
-89
123 + (-5 - (4 - 7)) + -383 + 372
110
What is (5 - (-3 + (-54 - -4))) + (494 - 508)?
44
Evaluate -6 + 4 + (0 - 6) + -729 + 728 - -42.
33
-18 + 3 + (-17 - (-21 + 8)) + 5
-14
What is the value of 6 - 34 - (135 + -170)?
7
What is the value of 19 - (209 - (-83 + 162))?
-111
What is the value of -154 + 288 - 151 - (13 - (-2 - -1))?
-31
What is the value of -133 + 137 + -136 + 95?
-37
What is -25 - 2 - (20 - (-24 + 28))?
-43
Calculate -36 + (-5 - -27) + -2 + 30.
14
What is the value of (-95 - -89 - -26) + 12 + 0 + 0?
32
Evaluate 0 + (1 + -2 - -34) + 1112 + -1118.
27
(-16 + -2 - (-7 - 30)) + -33
-14
Calculate -123 + 115 - -57 - 133.
-84
Calculate (24 - (35 + 7) - 0) + (13 - -3).
-2
Calculate -38 + 61 + -20 - 34.
-31
107 + -63 + -39 + 52
57
What is (7 - 5) + -9 - (-19 + 10 - -9)?
-7
What is -1 + (7 + -22 + 45 + 46 - -20)?
95
What is the value of 80 - ((12 - -7 - 22) + 21)?
62
-36 + (59 - (-33 - 3))
59
What is the value of 546 + -709 + (32 - -1) + 29?
-101
Evaluate 5 - (8 + 0 + -4 + 29 + 11).
-39
Evaluate (0 - (-20 + 18)) + (-9 - 0) + (-65 - -1).
-71
14 + 3 + 86 + -102 - (-78 + (3 - -2))
74
1 + 2 + 44 + -20 + (-7 - -9)
29
Evaluate 1 + 41 - ((-9 - (-4 + 31)) + 40).
38
Evaluate 0 - (10 + 1) - (-5 - 3) - -17.
14
Evaluate 16 + (45 - 22) - (-3 - 37).
79
Calculate -66 + (49 + -15 - -49).
17
What is -74 + (-6 - -72) + -82?
-90
What is the value of -2 - (18 + 8 + -21) - 17?
-24
Calculate 39 + 4 + (-4 - (6 + -5)).
38
Calculate (-9 - 3) + (-692 - -683)